igit of 98583?
8
What is the hundred thousands digit of 285113?
2
What is the tens digit of 14429053?
5
What is the tens digit of 12144815?
1
What is the hundreds digit of 690924?
9
What is the millions digit of 1664397?
1
What is the ten thousands digit of 20011103?
1
What is the units digit of 1508122?
2
What is the thousands digit of 333258?
3
What is the units digit of 6748493?
3
What is the thousands digit of 380723?
0
What is the thousands digit of 178839?
8
What is the ten thousands digit of 451908?
5
What is the thousands digit of 14078294?
8
What is the units digit of 1865179?
9
What is the thousands digit of 205348?
5
What is the ten thousands digit of 1644089?
4
What is the thousands digit of 331406?
1
What is the units digit of 11877094?
4
What is the ten thousands digit of 20633331?
3
What is the ten thousands digit of 181193?
8
What is the hundred thousands digit of 1251697?
2
What is the thousands digit of 5390176?
0
What is the ten thousands digit of 230112?
3
What is the tens digit of 1472876?
7
What is the hundreds digit of 184861?
8
What is the hundred thousands digit of 317508?
3
What is the tens digit of 370231?
3
What is the units digit of 192511?
1
What is the tens digit of 113337?
3
What is the millions digit of 15934645?
5
What is the tens digit of 179191?
9
What is the ten thousands digit of 724185?
2
What is the units digit of 7329716?
6
What is the units digit of 2529064?
4
What is the hundred thousands digit of 29495774?
4
What is the units digit of 17852504?
4
What is the ten thousands digit of 9490374?
9
What is the millions digit of 2973004?
2
What is the ten thousands digit of 18559230?
5
What is the thousands digit of 6310714?
0
What is the units digit of 7716623?
3
What is the tens digit of 17935430?
3
What is the ten thousands digit of 201553?
0
What is the units digit of 1285935?
5
What is the ten thousands digit of 25992963?
9
What is the millions digit of 2611398?
2
What is the tens digit of 259602?
0
What is the thousands digit of 5205238?
5
What is the hundred thousands digit of 2684943?
6
What is the thousands digit of 4442987?
2
What is the units digit of 3091281?
1
What is the hundreds digit of 150728?
7
What is the tens digit of 89053?
5
What is the hundreds digit of 10488114?
1
What is the ten millions digit of 22217151?
2
What is the thousands digit of 626554?
6
What is the hundred thousands digit of 402653?
4
What is the ten thousands digit of 603884?
0
What is the ten thousands digit of 3387342?
8
What is the millions digit of 1325124?
1
What is the ten thousands digit of 332587?
3
What is the millions digit of 5492800?
5
What is the ten millions digit of 10599069?
1
What is the hundred thousands digit of 2419705?
4
What is the hundred thousands digit of 1560478?
5
What is the hundreds digit of 113225?
2
What is the tens digit of 461087?
8
What is the tens digit of 29876?
7
What is the thousands digit of 1341707?
1
What is the thousands digit of 1167690?
7
What is the tens digit of 574643?
4
What is the hundreds digit of 322520?
5
What is the tens digit of 2120782?
8
What is the thousands digit of 6684986?
4
What is the hundreds digit of 143069?
0
What is the hundred thousands digit of 103926?
1
What is the ten thousands digit of 223712?
2
What is the hundred thousands digit of 360396?
3
What is the thousands digit of 9914597?
4
What is the millions digit of 1118093?
1
What is the hundreds digit of 875919?
9
What is the units digit of 4003633?
3
What is the hundreds digit of 247231?
2
What is the thousands digit of 566556?
6
What is the tens digit of 1006441?
4
What is the ten thousands digit of 436875?
3
What is the hundred thousands digit of 199561?
1
What is the units digit of 792918?
8
What is the hundreds digit of 4130958?
9
What is the tens digit of 141365?
6
What is the ten thousands digit of 315046?
1
What is the millions digit of 3481322?
3
What is the thousands digit of 182628?
2
What is the thousands digit of 234988?
4
What is the hundreds digit of 1773121?
1
What is the tens digit of 9519382?
8
What is the units digit of 3363549?
9
What is the hundreds digit of 12118035?
0
What is the tens digit of 16478226?
2
What is the tens digit of 664968?
6
What is the ten thousands digit of 13173264?
7
What is the millions digit of 1760147?
1
What is the hundreds digit of 480836?
8
What is the units digit of 445446?
6
What is the ten thousands digit of 7657005?
5
What is the tens digit of 81426?
2
What is the ten thousands digit of 494037?
9
What is the thousands digit of 805554?
5
What is the hundreds digit of 142827?
8
What is the thousands digit of 635107?
5
What is the millions digit of 7547686?
7
What is the hundreds digit of 184607?
6
What is the units digit of 671852?
2
What is the hundred thousands digit of 32143268?
1
What is the thousands digit of 2042367?
2
What is the ten thousands digit of 628200?
2
What is the ten thousands digit of 1203963?
0
What is the hundred thousands digit of 121293?
1
What is the thousands digit of 5485571?
5
What is the units digit of 14212799?
9
What is the units digit of 373291?
1
What is the units digit of 5958?
8
What is the hundred thousands digit of 14126013?
1
What is the hundred thousands digit of 1443439?
4
What is the units digit of 1466907?
7
What is the ten thousands digit of 2470685?
7
What is the hundred thousands digit of 268446?
2
What is the tens digit of 356671?
7
What is the hundreds digit of 69216?
2
What is the hundred thousands digit of 2892657?
8
What is the units digit of 4392654?
4
What is the thousands digit of 2012065?
2
What is the thousands digit of 5219526?
9
What is the ten thousands digit of 12395142?
9
What is the units digit of 134185?
5
What is the units digit of 6187643?
3
What is the hundred thousands digit of 961116?
9
What is the units digit of 17678377?
7
What is the hundred thousands digit of 19786131?
7
What is the thousands digit of 8439579?
9
What is the thousands digit of 347303?
7
What is the tens digit of 441130?
3
What is the ten thousands digit of 2319295?
1
What is the tens digit of 364517?
1
What is the hundred thousands digit of 34193578?
1
What is the thousands digit of 8957184?
7
What is the hundreds digit of 7260244?
2
What is the hundreds digit of 8696806?
8
What is the millions digit of 1798239?
1
What is the hundreds digit of 385528?
5
What is the hundred thousands digit of 1041273?
0
What is the ten thousands digit of 542046?
4
What is the hundreds digit of 22977?
9
What is the tens digit of 136770?
7
What is the units digit of 4794117?
7
What is the tens digit of 359548?
4
What is the thousands digit of 1033945?
3
What is the units digit of 318243?
3
What is the hundred thousands digit of 16228270?
2
What is the ten thousands digit of 691330?
9
What is the hundred thousands digit of 337168?
3
What is the hundreds digit of 222234?
2
What is the thousands digit of 308780?
8
What is the hundreds digit of 85420?
4
What is the units digit of 41935?
5
What is the ten thousands digit of 45997?
4
What is the thousands digit of 200868?
0
What is the units digit of 8785712?
2
What is the hundreds digit of 10456237?
2
What is the units digit of 131234?
4
What is the hundreds digit of 1829532?
5
What is the thousands digit of 651647?
1
What is the ten thousands digit of 12109783?
0
What is the units digit of 1449011?
1
What is the hundreds digit of 120328?
3
What is the hundreds digit of 1143600?
6
What is the millions digit of 13698511?
3
What is the hundreds digit of 112425?
4
What is the units digit of 27514?
4
What is the thousands digit of 78698?
8
What is the hundreds digit of 933253?
2
What is the thousands digit of 847292?
7
What is the ten thousands digit of 134291?
3
What is the hundreds digit of 178272?
2
What is the thousands digit of 25994699?
4
What is the ten thousands digit of 16880211?
8
What is the hundreds digit of 497002?
0
What is the tens digit of 566682?
8
What is the tens digit of 430590?
9
What is the hundreds digit of 262352?
3
What is the hundred thousands digit of 951779?
9
What is the hundred thousands digit of 3804929?
8
What is the hundreds digit of 264438?
4
What is the units digit of 21417?
7
What is the hundreds digit of 1364421?
4
What is the hundreds digit of 22739?
7
